6 - 0 - (0 - -2 - 5).
-3
What is the value of (-2 - (0 - (1 + 0))) + -2?
-3
Calculate (-1 - 2 - -4) + 1 + -7.
-5
What is the value of -8 - -2 - (-2 - -2)?
-6
What is the value of -8 - -2 - (6 - 9)?
-3
Evaluate 11 - (9 + (-4 + 0 - -1)).
5
What is 5 - 15 - (3 + -2 - 3)?
-8
What is -6 - -2 - (-5 - -5)?
-4
Calculate (1 - -2) + 12 + -8 - 0.
7
Evaluate (-9 + 7 - 5) + (1 - 1).
-7
What is 7 - ((-4 - -1) + (-8 - -14))?
4
What is 1 - (-3 + 2) - 4?
-2
What is the value of 7 - (9 - (7 - 3))?
2
Evaluate 12 + -17 + (0 - 0).
-5
Evaluate -5 + 2 + (3 - 2) - 2.
-4
Evaluate (0 - -3) + 1 + -4.
0
What is (-8 - (8 - 3)) + 7?
-6
Evaluate (7 - 3 - 1) + 2.
5
What is 0 - (6 + 2) - (5 - 9)?
-4
Calculate 2 + 0 - (30 + -24).
-4
What is 3 + 0 + 0 + 0?
3
Calculate (-1 - -2) + -4 - (-6 + 7).
-4
Evaluate -1 + (3 - -1) + -6 - 2.
-5
What is the value of 0 + (-4 - 8) - -10?
-2
Evaluate -4 + 1 + (1 + -4 - -11).
5
What is 1 + 0 - -5 - 5?
1
What is 2 - (0 - (1 + 5 + 0))?
8
Evaluate 6 + -4 + -5 + 6.
3
What is 48 - 55 - (0 - 6)?
-1
8 + -12 - (-6 - -2)
0
What is the value of -1 - -3 - (1 + 4)?
-3
What is the value of 2 + 1 + -4 + -1?
-2
What is -8 - (-6 + (5 - -1) - 6)?
-2
Evaluate 1 + 3 + -1 + (-4 - -2).
1
Evaluate 9 + -18 + 13 - 10.
-6
0 - 5 - (-7 + (-2 - -5))
-1
What is the value of (3 - -2) + -3 + -1 + 7?
8
What is the value of 1 + (-7 - -4) + -3?
-5
What is the value of 1 + 0 + -3 + 3 + -5?
-4
What is (-1 - (-4 - 1)) + -6 + -2?
-4
What is -6 - (1 + -5 + -1)?
-1
Evaluate -5 + 0 - -3 - 1.
-3
What is (24 - 13) + (-13 - -2)?
0
What is the value of (12 - 3) + 3 + -7?
5
What is (-3 - -3 - 3) + 3 + -8?
-8
Evaluate -13 + -5 + 12 + 0 + 0.
-6
-1 - 0 - (1 + -3 + 2)
-1
Calculate -2 - ((-19 - -4) + 12).
1
Calculate 0 - (-1 + 0 - (2 - 2)).
1
9 + -7 + -1 - -5
6
Calculate -13 + 7 + -2 + 12.
4
What is 1 - 4 - (-12 + (1 - -14))?
-6
-2 - (2 + -2) - -7
5
What is 4 - (1 - (-3 - (-4 + 3)))?
1
Evaluate (-11 + 5 - -7) + 3.
4
Calculate (0 - -2) + 1 + -5.
-2
Calculate (-1 - (0 - 3)) + 3.
5
What is -4 + (3 - (-3 - -2))?
0
Calculate -1 - (-1 - -2 - 4 - -3).
-1
Calculate (-2 - (-8 + 0)) + -6.
0
Calculate 2 - 1 - 0 - 1.
0
Calculate ((11 - 5) + -8 - 5) + 3.
-4
What is -6 - (-4 + (-8 - 0))?
6
103 + -93 + -6 + (1 - -1)
6
Evaluate 6 - (1 + 9) - -8.
4
What is the value of -4 + (-2 - -4) + 1 + -4?
-5
What is 0 + -6 - (-3 + (-6 - -6))?
-3
Calculate 4 + -13 + 16 - (1 + -1).
7
What is -15 + 22 + 0 - (0 - -4)?
3
What is the value of (3 - (2 + -1)) + -12 + 7?
-3
What is (11 - (3 + 8)) + 8?
8
Evaluate 26 + -25 + (0 - 2).
-1
Evaluate -5 + 16 + -5 + -12.
-6
1 + -5 + (12 - 3 - 6)
-1
Calculate -7 + (8 - -13 - 10).
4
What is the value of 9 - 2 - (-3 - -6)?
4
Evaluate -4 - (-9 - (0 - 2)).
3
What is 16 + -13 - (2 - -1)?
0
Calculate (-1 + 7 - 0) + -2.
4
Calculate -5 - (-14 - -8 - (-1 - 0)).
0
Calculate 4 + 3 - 6 - -2.
3
What is 2 + -2 + 1 + 4 + -6?
-1
Calculate 0 - (2 + 3 + -7 + 1).
1
What is the value of 32 + -48 - (-10 - 1)?
-5
What is -4 - (2 - (4 + 4 + 1))?
3
Evaluate 1 + (-1 - (-2 - 3)) + 0.
5
Evaluate 8 - (-8 - (-7 - 3)) - 2.
4
Calculate 3 - (7 + 2 + 0).
-6
What is the value of 3 + -6 + 6 + -3 - 1?
-1
What is -4 - 2 - (1 + -10 - 0)?
3
Calculate -3 + (7 - 1) + -15 + 6.
-6
Calculate -2 + 3 + -2 + 6.
5
Calculate -4 - 8 - (-9 + -3).
0
Calculate 3 + (-9 + 1 - (0 - 1)).
-4
Calculate 1 + 1 - (-5 + 3).
4
Evaluate 13 + (-13 - 5) + 2 + -1.
-4
Evaluate 2 + 20 + (-163 - -151).
10
(-1 - -2) + -8 + 3
-4
-12 - -3 - (-5 - 0)
-4
Evaluate -1 + (9 - (9 - -6)).
-7
What is 45 - 43 - (3 + -1)?
0
What is 1 + -2 + (-8 - -8) - -1?
0
What is -1 - ((-2 - -1) + (3 - 1))?
-2
What is the value of 5 + 1 + -11 + 2?
-3
What is the value of -5 + -1 + (-14 - -18)?
-2
Evaluate 4 - 1 - 6 - -8.
5
Evaluate 7 + 5 + -8 + (9 - 5).
8
10 + -13 + 4 - 4
-3
0 - ((3 - (-1 - 3)) + -6)
-1
What is the value of 37 - 42 - (0 + 0)?
-5
2 + -4 + 4 + -4
-2
What is -8 + 5 + 10 - 2?
5
What is (1 - 5) + 3 + -1 + -1?
-3
-5 + (7 - (9 + -7))
0
Evaluate -2 + 12 + (-38 - -31).
3
Calculate 4 - (-2 + (3 - (2 + -2))).
3
Calculate 9 + -12 + (2 - 8).
-9
What is 0 + -1 + -7 + 2 + 1?
-5
Evaluate -4 + 2 + 5 + -2 + -3.
-2
What is -20 - (-15 + 6 + -1)?
-10
Evaluate 1 - -3 - (2 + -9 + 13).
-2
Calculate (7 + -15 - 0) + 15 + -4.
3
What is the value of -3 - -7 - (-1 - (-2 - -3))?
6
Calculate (-4 - -5) + -1 - -1.
1
What is the value of 11 + -15 + (-5 - -13)?
4
Evaluate 2 + (6 - (-6 + -1 + 10)).
5
-15 + (11 - -4 - 3)
-3
What is the value of (-9 - -21) + (5 - 5) + -6?
6
Calculate (-1 - -2) + -2 + 1.
0
What is the value of -4 + 6 + 3 - 2?
3
Evaluate -3 + 2 - -2 - 4.
-3
Evaluate -9 + (6 - 5) + 14.
6
Calculate (7 + -5 - 5) + 3.
0
Calculate -8 - -1 - -2 - (2 + -7).
0
-2 + (-3 - (0 + 0 + -3))
-2
What is the value of (1 - 8 - -3) + (7 - -1)?
4
Evaluate 0 + (-2 + 5 + -5 - -3).
1
What is 1 - -1 - (4 - -1)?
-3
What is -2 + 2 + -2 - (0 - 5)?
3
What is the value of -9 + 3 + 3 + -3?
-6
What is the value of (0 - 6) + -2 - -4?
-4
9 + -1 - 16 - 1
-9
-5 + (-5 - -7) - -6
3
Calculate -7 + 4 + 6 - 0 - 2.
1
Calculate (6 - 7) + -1 + -1 + 1.
-2
What is the value of 19 + -29 + 15 + -2?
3
Evaluate 6 + 5 + -6 + -2 + 4.
7
Calculate 1 + 7 - (5 + 7).
-4
4 + -1 + -6 + 1
-2
Calculate 8 + 0 - (10 + 0).
-2
What is the value of -18 - -21 - (-3 - -9)?
-3
What is the value of -33 + 31 + (2 - 0 - -5)?
5
(30 + -28 - -2) + (1 - -1)
6
11 + -4 + 0 + -5
2
Calculate (-1 - -4) + (-7 - (2 - 2)).
-4
Calculate -4 - ((0 - 8) + 10) - 2.
-8
What is 13 - 10 - (-1 - (-1 - -1))?
4
What is 2 - (9 - (-4 + 9))?
-2
What is the value of -3 + 7 + 0 + (-4 - 1)?
-1
Evaluate 7 + -3 - 7 - (0 + -3).
0
-4 - (-10 + 1 + 0)
5
Calculate 7 - (4 - (5 + -4)).
4
Evaluate 2 + -5 - ((-7 - 1) + -1).
6
What is -7 + (2 - 0 - -6)?
1
Calculate 8 + (6 - 6 - 4).
4
1 - 4 - (2 - 2) - 1
-4
What is (2 - (3 - 0)) + 2?
1
Calculate (3 - -2 - -1) + (8 - 10).
4
What is the value of (-8 - -7) + -2 + -3 + 11?
5
-2 - (0 + 2 + 1 - 2)
-3
What is (8 + -4 - 8) + -2?
-6
Calculate 8 - -6 - 7 - (-9 - -5).
11
Evaluate -9 - -10 - (0 + (-2 - -4)).
-1
What is -18 + 33 - (0 + (7 - 1))?
9
Evaluate 0 + 0 - ((14 - 30) + 9).
7
-5 - (0 - (3 + -6) - 4)
-4
What is the value of -3 - -1 - (-1 - -2) - -6?
3
Evaluate 0 - (-2 - (0 - 7)).
-5
What is the value of 1 + 2 + (14 - 8) + -5?
4
What is the value of -5 + 4 - (-1 - 3)?
3
Evaluate 0 + (0 - 3) - (-5 - 3).
5
Evaluate -2 + -2 - 1 - 1 - -5.
-1
What is the value of -1 + 8 - (1 - (6 - 7))?
5
What is the value of (1 - 2) + (-1 - -10) + -6?
2
Calculate -5 + 4 - (-11 - -5).
5
What is the value of (2 - (-3 - -6)) + 5 + -4?
0
Calculate (4 - (5 - 3)) + -1 + 1.
2
Calculate -9 + (-3 - -21) + -9.
0
What is -6 + (5 + 1 - -1)?
1
2 + (-3 + -2 + 3 - 0)
0
Calculate (0 - 13) + 9 + -4.
-8
What is the value of 5 - (-3 + (-1 + -4 - -12))?
1
What is the value of -22 - (2 - 12) - (-5 - -1)?
-8
Evaluate 0 - (1 - 3 - (3 - 3)).
2
What is 0 - 3 - -3 - 8?
-8
Evaluate 3 - (1 + 1 + -4 + 0).
5
What is the value of (-11 - (4 - 4)) + 15?
4
What is (1 - -5) + (-2 - (4 - 3))?
3
-4 + (3 + -9 - -10)
0
Evaluate 3 + -4 + 2 - (2 - -3).
-4
Calculate 1 - (13 - (3 + 6)).
-3
What is (4 + -6 - (-2 + -2)) + -8?
-6
Calculate (-3 - -1) + (1 - (1 - 2)).
0
3 + 1 - ((-1 - -4) + 0)
1
Evaluate 0 + 1 + -3 + -1.
-3
Evaluate 2 - (-4 - -1 - (4 + -4)).
5
Calculate (-1 - -7 - 4) + -6.
-4
Evaluate 17 + -7 - (-2 + 19).
-7
What is (10 - 4 - 0) + -2?
4
What is -2 - (-4 + -2 + (6 - 10))?
8
What is the value of 0 + 2 - (8 - 8)?
2
What is -5 - (-15 + 10 + -4)?
4
Calculate 6 + 8 + -5 + -14.
-5
4 - (-2 - (0 - -2)) - 4
4
What is the value of -10 + -6 + (-8 - (-11 - 4))?
-9
Calculate -1 + (0 - 3) + -1 + 0.
-5
What is the value of (-1 - (2 + -6)) + -4 + 0?
-1
Calculate -1 + (-2 - -5 - 8) + 5.
-1
What is the value of 44 + -45 + -4 + 1?
-4
Evaluate 2 + 4 - (-3 - -4).
5
What is 14 - (-8 - (5 - 19))?
8
-1 + (3 - (2 + 0 + -4))
4
What is the value of 11 - (5 - 4 - -5)?
5
Evaluate (3 - 5 - -5) + -2.
1
What is the value of 1 - (5 + -8 + 6)?
-2
Evaluate -11 - (-4 + 2 - 1).
-8
Calculate -3 - ((-3 + -4 - -3) + -1).
2
Evaluate -5 - (-3 - (-2 + -1) - 3).
-2
0 - (-3 + 3 + -2 + 1)
1
-5 + 0 + 7 + 0 + 2
4
What is 21 + -18 - (1 - (0 - -4))?
6
What is the value of -3 - (-4 + 0 + 4 - 1)?
-2
Calculate -3 - 1 - (0 + -2 + 3).
-5
What is -5 - (-6 - (-6 + 2) - 3)?
0
(3 - (-2 + 1 + 3)) + 4
5
What is (-6 - (2 + -4) - 1) + 2?
-3
Evaluate -16 + (6 - (0 - 4)).